{"id":54965,"date":"2024-05-10T12:22:36","date_gmt":"2024-05-10T10:22:36","guid":{"rendered":"https:\/\/www.wumingfoundation.com\/giap\/?page_id=54965"},"modified":"2024-05-10T12:24:27","modified_gmt":"2024-05-10T10:24:27","slug":"invisible-partout-ovni-78-2","status":"publish","type":"page","link":"https:\/\/www.wumingfoundation.com\/giap\/invisible-partout-ovni-78-2\/","title":{"rendered":"Noticias de Francia, M\u00e9xico, Catalu\u00f1a y Francia de nuevo: Lo invisibile en todas partes y Ufo 78, o mejor dicho: \u00a1Ovni 78, como debe ser!"},"content":{"rendered":"<div id=\"attachment_54954\" style=\"width: 885px\" class=\"wp-caption aligncenter\"><a href=\"https:\/\/www.wumingfoundation.com\/giap\/wp-content\/uploads\/2024\/05\/invisible_partout_Ovni_78.png\"><img loading=\"lazy\" decoding=\"async\" aria-describedby=\"caption-attachment-54954\" class=\"wp-image-54954 size-full\" src=\"https:\/\/www.wumingfoundation.com\/giap\/wp-content\/uploads\/2024\/05\/invisible_partout_Ovni_78.png\" alt=\"L'invisible partout y Ovni 78\" width=\"875\" height=\"458\" srcset=\"https:\/\/www.wumingfoundation.com\/giap\/wp-content\/uploads\/2024\/05\/invisible_partout_Ovni_78.png 875w, https:\/\/www.wumingfoundation.com\/giap\/wp-content\/uploads\/2024\/05\/invisible_partout_Ovni_78-300x157.png 300w, https:\/\/www.wumingfoundation.com\/giap\/wp-content\/uploads\/2024\/05\/invisible_partout_Ovni_78-768x402.png 768w\" sizes=\"auto, (max-width: 875px) 100vw, 875px\" \/><\/a><p id=\"caption-attachment-54954\" class=\"wp-caption-text\">L&#8217;invisible partout y Ovni 78<\/p><\/div>\n<p>Hoy se publica en M\u00e9taili\u00e9 <a href=\"https:\/\/editions-metailie.com\/livre\/linvisible-partout\/\"><em>L&#8217;invisible partout<\/em><\/a>, la edici\u00f3n francesa de nuestro <em>L&#8217;invisibile ovunque<\/em> (2015), traducida por <strong>Serge Quadruppani<\/strong>.<\/p>\n<p>Para nuestra <em>novela-en-cuatro-relatos<\/em>, que dedicamos al centenario de la Gran Guerra, esta es la tercera traducci\u00f3n. En 2017 fue publicada en catal\u00e1n por Ediciones Godall, bajo el t\u00edtulo <a href=\"https:\/\/godalledicions.cat\/es\/titulos\/wu-ming\/\"><em>L&#8217;invisible arreu<\/em><\/a>, con traducci\u00f3n de <strong>Oriol Fuster Cabrera<\/strong>. Hace unos meses sali\u00f3 la edici\u00f3n mexicana -distribuida en la mayor parte de la Am\u00e9rica hispanohablante- <a href=\"https:\/\/www.fondodeculturaeconomica.com\/Ficha\/9786071681089\/F\"><em>Lo invisible en todas partes<\/em><\/a>, para tipos del FCE, en la traducci\u00f3n de <strong>Federico Mastrogiovanni<\/strong>. Quien, junto al periodista <strong>Andr\u00e9s Ruiz<\/strong>, habla del libro <a href=\"https:\/\/www.imer.mx\/programas\/lo-invisible-en-todas-partes\/\">en este episodio del podcast<\/a> &#8220;La autentica banda librera&#8221;. En los dos \u00faltimos a\u00f1os, el FCE ha publicado otros dos libros de nuestro taller, <em>Stella del mattino<\/em> y <em>Altai<\/em>.<\/p>\n<p>Tambi\u00e9n en Francia, el 17 de mayo llegar\u00e1 a las librer\u00edas <a href=\"https:\/\/editionslibertalia.com\/catalogue\/poche\/article\/ovni-78\"><em>Ovni 78<\/em><\/a>, la edici\u00f3n transalpina de nuestra novela <em>Ufo 78<\/em> (2022), tambi\u00e9n traducida por <strong>Serge Quadruppani<\/strong>, publicada por Libertalia.<\/p>\n<p>Mientras tanto, ha salido la edici\u00f3n en catal\u00e1n, publicada por Manifest y titulada tambi\u00e9n <a href=\"https:\/\/manifestllibres.cat\/products\/ovni78-wu-ming?_pos=1&amp;_sid=ec70126cd&amp;_ss=r\"><em>Ovni 78<\/em><\/a>. Traducci\u00f3n de <strong>Pau Vidal<\/strong>.<\/p>\n<p>El cambio de t\u00edtulo no es sorprendente: Italia es el \u00fanico pa\u00eds de habla romance donde -aunque se utiliza la expresi\u00f3n &#8220;oggetto volante non identificato&#8221;, que dar\u00eda el acr\u00f3nimo OVNI- se adopta el acr\u00f3nimo ingl\u00e9s UFO.<\/p>\n<p>Estas nuevas ediciones extranjeras de <em>Ufo 78<\/em> se unen a las ya publicadas, a saber, <a href=\"https:\/\/www.assoziation-a.de\/buch\/Wu_Ming_Ufo_78\">la alemana<\/a>, editada por Assoziation A, y <a href=\"https:\/\/syneditions.wixsite.com\/e-shop\/product-page\/ufo-78\">la griega<\/a>, publicada por \u039f\u03b9 \u0395\u03ba\u03b4\u03cc\u03c3\u03b5\u03b9\u03c2 \u03c4\u03c9\u03bd \u03a3\u03c5\u03bd\u03b1\u03b4\u03ad\u03bb\u03c6\u03c9\u03bd.\u00a0Ambas editoriales tienen ahora varios de nuestros t\u00edtulos en su cat\u00e1logo: Assoziation A ha publicado siete, \u039f\u03b9 \u0395\u03ba\u03b4\u03cc\u03c3\u03b5\u03b9\u03c2 \u03c4\u03c9\u03bd \u03a3\u03c5\u03bd\u03b1\u03b4\u03ad\u03bb\u03c6\u03c9\u03bd cinco.<\/p>\n<p>Aprovechamos la ocasi\u00f3n para anunciar con suficiente antelaci\u00f3n que a finales de verano presentaremos<em> Ufo 78<\/em> en el Internationales Literaturfestival de Berl\u00edn, que tendr\u00e1 lugar del 5 al 14 de septiembre. Los detalles se dar\u00e1n a conocer m\u00e1s adelante. Feliz lectura.<\/p>\n","protected":false},"excerpt":{"rendered":"Hoy se publica en M\u00e9taili\u00e9 L&#8217;invisible partout, la edici\u00f3n francesa de nuestro L&#8217;invisibile ovunque (2015), traducida por Serge Quadruppani. Para nuestra novela-en-cuatro-relatos, que dedicamos al centenario de la Gran Guerra, esta es la tercera traducci\u00f3n. En 2017 fue publicada en catal\u00e1n por Ediciones Godall, bajo el t\u00edtulo L&#8217;invisible arreu, con traducci\u00f3n de Oriol Fuster Cabrera. [&hellip;]","protected":false},"author":1,"featured_media":0,"parent":0,"menu_order":0,"comment_status":"closed","ping_status":"closed","template":"","meta":{"footnotes":""},"class_list":["post-54965","page","type-page","status-publish","hentry"],"_links":{"self":[{"href":"https:\/\/www.wumingfoundation.com\/giap\/wp-json\/wp\/v2\/pages\/54965","targetHints":{"allow":["GET"]}}],"collection":[{"href":"https:\/\/www.wumingfoundation.com\/giap\/wp-json\/wp\/v2\/pages"}],"about":[{"href":"https:\/\/www.wumingfoundation.com\/giap\/wp-json\/wp\/v2\/types\/page"}],"author":[{"embeddable":true,"href":"https:\/\/www.wumingfoundation.com\/giap\/wp-json\/wp\/v2\/users\/1"}],"replies":[{"embeddable":true,"href":"https:\/\/www.wumingfoundation.com\/giap\/wp-json\/wp\/v2\/comments?post=54965"}],"version-history":[{"count":3,"href":"https:\/\/www.wumingfoundation.com\/giap\/wp-json\/wp\/v2\/pages\/54965\/revisions"}],"predecessor-version":[{"id":54968,"href":"https:\/\/www.wumingfoundation.com\/giap\/wp-json\/wp\/v2\/pages\/54965\/revisions\/54968"}],"wp:attachment":[{"href":"https:\/\/www.wumingfoundation.com\/giap\/wp-json\/wp\/v2\/media?parent=54965"}],"curies":[{"name":"wp","href":"https:\/\/api.w.org\/{rel}","templated":true}]}}