{"id":30694,"date":"2017-10-07T11:28:52","date_gmt":"2017-10-07T09:28:52","guid":{"rendered":"https:\/\/www.wumingfoundation.com\/giap\/?page_id=30694"},"modified":"2017-10-07T13:58:09","modified_gmt":"2017-10-07T11:58:09","slug":"barcelona-minniti","status":"publish","type":"page","link":"https:\/\/www.wumingfoundation.com\/giap\/barcelona-minniti\/","title":{"rendered":"#Barcelona, #Minniti, aviadors negres, Bus de la Lum. La Wu Ming Foundation continua el treball antifeixista"},"content":{"rendered":"<p style=\"text-align: center;\"><img loading=\"lazy\" decoding=\"async\" class=\"aligncenter size-full wp-image-30616\" src=\"https:\/\/www.wumingfoundation.com\/giap\/wp-content\/uploads\/2017\/10\/barcelona.jpg\" alt=\"Barcellona oggi e cinquant'anni fa\" width=\"650\" height=\"605\" \/><\/p>\n<p><span style=\"color: #ffffff;\">&#8211;<\/span><br \/>\nde\u00a0<b>Wu Ming 1<\/b>, <a href=\"https:\/\/www.wumingfoundation.com\/giap\/2017\/10\/barcellona-minniti\/\">2 d\u2019octubre de 2017<\/a> (traducci\u00f3 a c\u00e0rrec d\u2019<a href=\"http:\/\/www.altramemoria.org\/\"><strong>Altramemoria<\/strong><\/a>)<\/p>\n<p>Barcelona resisteix de nou, en massa, a una viol\u00e8ncia policial, militar, d&#8217;arrel clarament franquista i amb expl\u00edcits elements de feixisme. D\u2019aquesta manera la ciutat torna a \u00e9sser, com fa 80 anys,\u00a0<i>central\u00a0<\/i>per al dest\u00ed d\u2019Europa. Barcelona ens reclama a crits i ens demana que prenguem partit.<\/p>\n<p>Faig constar aix\u00f2\u00a0 <i>abans de\u00a0<\/i>i\u00a0 <i>prescindint de\u00a0<\/i>qualsevol avaluaci\u00f3 sobre el refer\u00e8ndum de l\u20191 d\u2019octubre, sobre t\u00e0ctiques i estrat\u00e8gies de l\u2019independentisme catal\u00e0, etc. <i>Primer<\/i>ens posicionem contra la viol\u00e8ncia d\u2019estat que nom\u00e9s en el dia d\u2019ahir va deixar pels carrers quasi un miler de ferits,\u00a0 <i>despr\u00e9s\u00a0<\/i>parlarem de la resta. Em limito a destacar que l\u2019independentisme catal\u00e0 t\u00e9\u00a0 <i>precises\u00a0<\/i>raons hist\u00f2riques i t\u00e9 al seu interior rellevants forces internacionalistes, antifeixistes, antiracistes, que ja han rebutjat m\u00e9s vegades la solidaritat interessada dels nostres Salvini, i llavors \u2013m\u00e9s enll\u00e0 de les leg\u00edtimes perplexitats- no mereixen impr\u00f2pies comparacions amb les mis\u00e8ries de casa nostra.<\/p>\n<p>Ironies de la sort: m\u00e9s o menys al mateix temps que la Guardia Civil comen\u00e7ava a entrar als centres de votaci\u00f3, als quioscs italians arribava el <i>Corriere della Sera\u00a0<\/i>amb una\u00a0<u><a href=\"http:\/\/www.corriere.it\/politica\/17_settembre_30\/minniti-solidarieta-nazionale-contro-terroristi-trafficanti-uomini-a5e807b2-a605-11e7-8477-789085dabc53.shtml\">entrevista al ministre d\u2019interior\u00a0<\/a><\/u><a href=\"http:\/\/www.corriere.it\/politica\/17_settembre_30\/minniti-solidarieta-nazionale-contro-terroristi-trafficanti-uomini-a5e807b2-a605-11e7-8477-789085dabc53.shtml\"><u><b>Marco Minniti<\/b><\/u><\/a>.<\/p>\n<p>Minniti tot just retornava de la festa de Fratelli d\u2019Italia, on venia de fer-se l&#8217;interessant tot recordant haver treballat a l\u2019escriptori de Mussolini i Italo Balbo, lloant -a m\u00e9s- un conegut lema <i>masclista<\/i>\u00a0d\u2019aquest \u00faltim.<\/p>\n<p>A l\u2019entrevista, es podia i es pot llegir aquest intercanvi de declaracions (el subratllat \u00e9s meu):<\/p>\n<blockquote><p>\u00ab<b>Vost\u00e8 ve d\u2019una fam\u00edlia de dretes?<\/b><br \/>\nVinc d\u2019una fam\u00edlia de militars. El meu pare va tenir vuit germans: els nou van ser militars.<\/p>\n<p><b>Van lluitar a la Segona guerra mundial?<\/b><br \/>\nMolts s\u00ed. A l\u2019aeron\u00e0utica el meu pare\u00a0<u>va servir la p\u00e0tria de totes les maneres<\/u>\u00a0i a tots el llocs on va poder fer-ho: Dodecanes,\u00a0<u>Espanya<\/u>, \u00c0frica septentrional, R\u00fassia; i, despr\u00e9s del 8 de setembre, amb els Aliats. El meu tiet estava amb els \u201cdiavoli rossi\u201d, la patrulla acrob\u00e0tica.\u00bb<\/p><\/blockquote>\n<p>Deixem, per al moment, la resta d&#8217;invasions i guerres colonials enumerades amb orgull per Minniti Jr., i ens centrem en Espanya.<\/p>\n<div id=\"attachment_30617\" style=\"width: 660px\" class=\"wp-caption aligncenter\"><img loading=\"lazy\" decoding=\"async\" aria-describedby=\"caption-attachment-30617\" class=\"size-full wp-image-30617\" src=\"https:\/\/www.wumingfoundation.com\/giap\/wp-content\/uploads\/2017\/10\/minniti_meloni.jpg\" alt=\"Minniti gongolante ad Atreju\" width=\"650\" height=\"465\" \/><p id=\"caption-attachment-30617\" class=\"wp-caption-text\">Minniti, feli\u00e7 com un g\u00ednjol, amb bona companyia (amb la diputada d\u2019extrema dreta Giorgia Meloni)<\/p><\/div>\n<p>A quina p\u00e0tria servien els aviadors feixistes que \u2013 en missi\u00f3 clandestina, sense n\u00fameros de reconeixement als avions \u2013van obrir el pas a la massacre franquista, efectuant bombardeigs de saturaci\u00f3 sobre les ciutats republicanes, Barcelona en primera inst\u00e0ncia, i exterminant milers de civils?<\/p>\n<p>A Catalunya no tenen cap mena de dubte: aquells bombardeigs van ser crims de guerra i aquells aviadors italians eren criminals de guerra. De fet, la just\u00edcia catalana l\u2019any 2013\u00a0 va acceptar una querella presentada per dues v\u00edctimes i l\u2019associaci\u00f3 Altrait\u00e0lia i\u00a0<u><a href=\"http:\/\/espresso.repubblica.it\/attualita\/2016\/12\/16\/news\/le-bombe-italiane-sulla-guerra-civile-spagnola-una-ferita-ancora-aperta-1.291384\">vol processar-los<\/a><\/u>. El Tribunal de Barcelona va declarar que aquelles missions van ser<\/p>\n<blockquote><p>\u00ab[actos] indiscriminados contra civiles y que ten\u00edan por objeto \u00fanicamente bombardear barrios altamente poblados de la ciudad de Barcelona [\u2026] sirviendo as\u00ed como laboratorio de pruebas para futuros\u00a0 bombardeos civiles -, lo que supone la comisi\u00f3n de cr\u00edmenes en masa castigados por la ley, por cualquier ley, en todo tiempo y lugar; \u00a0 en concreto \u00a0estaban prohibidos por la entonces vigente Convenci\u00f3n de la Haya, que por su naturaleza de lesa humanidad y cr\u00edmenes de guerra no est\u00e1n prescritos[\u2026]\u00bb<\/p><\/blockquote>\n<p>Sobre com va quedar la ciutat, us convidem a veure l&#8217;exposici\u00f3 que est\u00e0 circulant ara a It\u00e0lia,\u00a0 <i><u><a href=\"http:\/\/www.mostracatalognabombardata.it\/sezioni\/\">Catalogna bombardata\u00a0<\/a><\/u><\/i>i el projecte on-line: <a href=\"http:\/\/barcellona800giorni.ihr.world\/\">Barcelona, 800 dies sota les bombes<\/a>.<\/p>\n<p>No \u00e9s la primera vegada que un ministre del Partito Democratico exalta aquells aviadors. El 5 de mar\u00e7 de 2014 la ministra de defensa\u00a0<b>Roberta Pinotti<\/b>\u00a0<u><a href=\"https:\/\/web.archive.org\/web\/20171002092741\/https:\/\/twitter.com\/robertapinotti\/status\/441219918407557120\">va publicar a les xarxes socials<\/a><\/u>\u00a0aquest missatge:<\/p>\n<blockquote><p>\u00abMoltes felicitats a l\u2019aviador pluricondecorat\u00a0<b>Luigi Gnecchi<\/b>, generaci\u00f3 1914, cent anys portats amb envejable energia\u00bb.<\/p><\/blockquote>\n<div id=\"attachment_30618\" style=\"width: 660px\" class=\"wp-caption aligncenter\"><img loading=\"lazy\" decoding=\"async\" aria-describedby=\"caption-attachment-30618\" class=\"wp-image-30618\" src=\"https:\/\/www.wumingfoundation.com\/giap\/wp-content\/uploads\/2017\/10\/il-ministro-con-il-presidente-napolitano.jpg\" alt=\"Pinotti e Napolitano\" width=\"650\" height=\"436\" \/><p id=\"caption-attachment-30618\" class=\"wp-caption-text\">Pinotti i l\u2019expresident Napolitano.<\/p><\/div>\n<p>En sintonia a les felicitacions de Pinotti, el general\u00a0<b>Pasquale Preziosa<\/b>\u00a0(cap d\u2019estat major de l\u2019Aeronautica Militare) va definir Gnecchi com a portador de \u00abvalors als quals cal seguir admirant de cara als compromisos d\u2019avui i els desafiaments de dem\u00e0\u00bb.<\/p>\n<p>Gnecchi \u2013 que va morir el novembre de 2016 \u2013 havia bombardejat Espanya i, juntament amb els camarades nazis, Anglaterra.<\/p>\n<p>Caldria tamb\u00e9 fer esment al que est\u00e0 passant a Fidenza, on l\u2019ajuntament, amb majoria del PD,\u00a0<u><a href=\"http:\/\/parma.repubblica.it\/cronaca\/2017\/09\/29\/news\/fidenza_amministrazione_pd_omaggia_l_aviatore_gorrini_ex_militare_rsi-176859193\/\">acaba de dedicar un nou monument<\/a><\/u>\u00a0a l\u2019aviador feixista que va col\u00b7laborar amb la rep\u00fablica de Sal\u00f2,\u00a0<b>Luigi Gorrini<\/b>.<\/p>\n<p>Sobre el com i el perqu\u00e8 de la fascinaci\u00f3 generada pels aviadors negres en els aspirants a ser el Partit de la Naci\u00f3 (m\u00e9s enll\u00e0 dels vincles familiars d\u2019un o altre representant del partit), us remeto a l\u2019enquesta\u00a0<u><a href=\"https:\/\/www.wumingfoundation.com\/giap\/2016\/06\/casapound-rapporti-con-lestrema-destra-nel-ventre-del-partito-renziano\/\">CasaP(oun)D<\/a>\u00a0<\/u>\u00a0en particular al par\u00e0graf \u00abAppunti sugli ultimi vent\u2019anni e passa\u00bb. Aqu\u00ed, volent ser breu, el judici definitiu el va expressar un altre aviador,\u00a0<b>Porco Rosso<\/b>:<\/p>\n<div align=\"center\"><iframe loading=\"lazy\" src=\"https:\/\/www.youtube.com\/embed\/ZRIQO_Qi5V4\" width=\"560\" height=\"315\" frameborder=\"0\" allowfullscreen=\"allowfullscreen\"><\/iframe><\/div>\n<p><span style=\"color: #ffffff;\">&#8211;<\/span><\/p>\n<p>Quan observem i pretenem comentar all\u00f2 que est\u00e0 passant aquests dies a Catalunya, haur\u00edem de tenir present el nostre passat, i preguntar-nos fins a quin punt el no haver fet front a aquests antecedents est\u00e0 condicionant la nostra mirada.<\/p>\n<p>A It\u00e0lia es fa servir la paraula \u00abhorror\u00bb quan es recorda el bombardeig de Guernica per l&#8217;aviaci\u00f3 nazi (sense saber que It\u00e0lia tamb\u00e9 hi va participar).<b>Pablo Picasso<\/b>\u00a0va dedicar\u00a0<u><a href=\"http:\/\/www.museoreinasofia.es\/coleccion\/obra\/guernica?id=322\">el seu quadre m\u00e9s fam\u00f3s<\/a><\/u>a aquest episodi. Si l\u2019hagu\u00e9s dedicat a un dels bombardeigs \u2013 no menys esgarrifosos \u2013 provocats per l&#8217;aviaci\u00f3 feixista italiana, potser It\u00e0lia hauria envoltat de silenci o d\u2019oblit la seva acci\u00f3, o n\u2019hauria parlat fent mil distincions.<\/p>\n<p>La ideologia burgesa italiana, que ha tingut amb el feixisme la seva s\u00edntesi m\u00e9s cohesionada i\u00a0 <i>weaponized<\/i>\u00e9s en bona part\u00a0<u><a href=\"https:\/\/www.wumingfoundation.com\/giap\/2015\/01\/terrorismo-migranti-foibe-maro-fascismo-appunti-sul-vittimismo-italiano\/\">fundada sobre el victimisme<\/a><\/u> <i>ergo\u00a0<\/i>en la nostra autorepresentaci\u00f3\u00a0 no podem ser els botxins .<\/p>\n<p>Fa pocs dies\u00a0<u><a href=\"http:\/\/cinquantamila.corriere.it\/storyTellerArticolo.php?storyId=59ca15ed5c4c3\">ho va dir de forma ben clara<\/a><\/u>\u00a0sempre al\u00a0 <i>Corriere<\/i>\u00a0<b>Antonio Ferrari<\/b>:<\/p>\n<blockquote><p><i>\u00abIt\u00e0lia no \u00e9s ni ser\u00e0 mai un botx\u00ed.\u00bb<\/i><\/p><\/blockquote>\n<p>Ferrari ho va escriure com a conclusi\u00f3 d\u2019un article, ple de falsos hist\u00f2rics rid\u00edculs, com per exemple aquest:<\/p>\n<blockquote><p><i>\u00ables lleis racials van ser aconsellades i impulsades per Hitler, i en realitat Mussolini s\u2019hi va adaptar no sense mals de panxa\u00bb.<\/i><\/p><\/blockquote>\n<p>\u00c9s una coneguda mentida. Nom\u00e9s cal llegir un dels testimonis m\u00e9s coneguts sobre el tema, el de\u00a0<b>Galeazzo Ciano\u00a0<\/b>que al seu diari escriu:<\/p>\n<blockquote><p>\u00ab4 de SETEMBRE (1938). El Duce est\u00e0 molt determinat contra els jueus. Em parla de les mesures que vol fer acceptar al proper Gran Consiglio i que constituiran, dins del seu conjunt, la Carta de la Ra\u00e7a. En realitat ja l&#8217;ha redactada. El Gran Consiglio nom\u00e9s haur\u00e0 d\u2019acceptar-la amb la seva deliberaci\u00f3 [\u2026]<\/p>\n<p>5 de SETEMBRE. Borelli em diu que a Mil\u00e0 hi ha un clima de tensi\u00f3. Les mesures antisemites i demogr\u00e0fiques han afectat massa gent per poder ser populars. Per\u00f2 el Duce, quan ho creu necessari, t\u00e9 el valor de desafiar la impopularitat, i acaba per tenir ra\u00f3 [\u2026]<\/p>\n<p>6 d\u2019OCTUBRE [\u2026] El Duce, a les pauses [del Gran Consiglio], em diu: \u201cles discriminacions no compten. Cal visibilitzar el problema. Ara l\u2019antisemitisme est\u00e0 injectat a la sang dels italians. Continuar\u00e0 circulant i creixent tot sol. Despr\u00e9s, encara que aquesta nit sigui conciliador, ser\u00e9 dur\u00edssim a l\u2019hora de preparar les lleis.\u201d\u00bb<\/p><\/blockquote>\n<p>I podria continuar.<\/p>\n<p>Un encertat comentari sobre l\u2019article de Ferrari el va escriure l&#8217;historiador\u00a0<b>Gadi Luzzatto Voghera<\/b>\u00a0i es pot llegir<u><a href=\"http:\/\/moked.it\/blog\/2017\/09\/29\/complessita\/\">a la p\u00e0gina\u00a0<\/a><\/u><a href=\"http:\/\/moked.it\/blog\/2017\/09\/29\/complessita\/\"> <i><u>Moked<\/u><\/i><\/a>.<\/p>\n<div id=\"attachment_30615\" style=\"width: 510px\" class=\"wp-caption aligncenter\"><img loading=\"lazy\" decoding=\"async\" aria-describedby=\"caption-attachment-30615\" class=\"size-full wp-image-30615\" src=\"https:\/\/www.wumingfoundation.com\/giap\/wp-content\/uploads\/2017\/10\/razza.jpg\" alt=\"Cronache di un mal di pancia.\" width=\"500\" height=\"197\" \/><p id=\"caption-attachment-30615\" class=\"wp-caption-text\">El\u00a0 <i>Corriere<\/i>: 80 anys de \u00abmal de panxa\u00bb.<\/p><\/div>\n<p>L\u2019itali\u00e0\u00a0 <i>no pot<\/i>\u00a0\u00e9sser botx\u00ed. Per allunyar-lo d\u2019aquest rol, no nom\u00e9s nega l&#8217;evid\u00e8ncia \u2013quan hi \u00e9s \u2013 sin\u00f3 que fins i tot li d\u00f3na la volta, com va passar amb<u><a href=\"https:\/\/www.wumingfoundation.com\/giap\/2015\/02\/la-famigerata-foto-chi-falsifica-le-fonti-offende-il-presente-e-allontana-la-verita-sulle-foibe\/\">la foto dels afusellats de Dane<\/a><\/u>\u00a0el m\u00e9s conegut i recorrent fals historiogr\u00e0fic sobre les <i>foibe<\/i>.<\/p>\n<p>M\u00e9s o menys de forma coet\u00e0nia a l\u2019article de Ferrari, es va publicar a\u00a0 <i>La Stampa<\/i>firmat per\u00a0<b>Andrea Cionci<\/b>\u00a0<u><a href=\"https:\/\/web.archive.org\/web\/20171002074256\/http:\/\/www.lastampa.it\/2017\/09\/29\/cultura\/il-figlio-del-reduce-che-recupera-i-nostri-caduti-in-africa-6X8ayk5dO97lneSJJJzOxI\/pagina.html\">un vergony\u00f3s enaltiment<\/a><\/u>\u00a0de l\u2019associaci\u00f3 A.R.I.D.O., fundada a Bolonya pel metge\u00a0<b>Daniele Moretto<\/b>.<\/p>\n<p>L\u2019article despolititzava l&#8217;A.R.I.D.O. i la presentava \u2013 entre l&#8217;exotisme i l\u2019angelisme \u2013 com una entitat que es dedica a la miseric\u00f2rdia, compromesa en donar una justa sepultura al \u00abnostres caiguts\u00bb, \u00abimpulsora d\u2019una gran obra de documentaci\u00f3, per\u00f2 sobre tot de pietat\u00bb.<\/p>\n<p>Per ser breus i clars, A.R.I.D.O. \u00e9s una congregaci\u00f3 d&#8217;apologetes del colonialisme feixista.<br \/>\nDe fet nom\u00e9s cal fer una r\u00e0pida ullada al seu perfil social per trobar els seus membres d&#8217;excursi\u00f3, imagineu on?<\/p>\n<blockquote><p>\u00abAmb motiu de la fundaci\u00f3 d&#8217;A.R.I.D.O., organitzem el 10-11 de desembre una excursi\u00f3 a Rocca delle Caminate, villa Carpena, Predappio [on nasqu\u00e9 Benito Mussolini, N.d.R.]\u2026\u00bb<\/p><\/blockquote>\n<p style=\"text-align: center;\"><img loading=\"lazy\" decoding=\"async\" class=\"aligncenter size-full wp-image-30613\" src=\"https:\/\/www.wumingfoundation.com\/giap\/wp-content\/uploads\/2017\/10\/ARIDO-Predappio.png\" alt=\"ARIDO a Predappio\" width=\"648\" height=\"1131\" \/><\/p>\n<p>Aquest s\u00f3n els exemples m\u00e9s recents i cridaners. La classe pol\u00edtica i els mitjans d\u2019informaci\u00f3\u00a0 <i>mainstream<\/i>\u00a0italians es recreen cada vegada m\u00e9s en una salsa revisionista, revengista, nacionalista, neocolonialista.<\/p>\n<p>No parlo dels pol\u00edtics expl\u00edcitament feixistes, ni dels diaris intencionalment orientats com <i>Libero,<\/i>\u00a0<i>Il Giornale<\/i>\u00a0o\u00a0 <i>La Verit\u00e0\u00a0<\/i>sin\u00f3 d\u2019una alineaci\u00f3 pol\u00edtica transversal que comparteixen els principals partits pol\u00edtics i els diaris presumptament \u00abde centre\u00bb, els mitjans d\u2019informaci\u00f3 de la burgesia \u00abliberal\u00bb: il\u00a0 <i>Corriere della Sera,<\/i>\u00a0<i>La Stampa<\/i>\u2026\u00a0 Fa pocs dies a les p\u00e0gines del <i>Corriere\u00a0<\/i><u><a href=\"http:\/\/www.dinamopress.it\/news\/puo-esistere-un-colonialismo-solidale\">es proposava sense eufemismes un nou colonialisme<\/a><\/u>\u00a0disfressat rere l\u2019amagatall de l\u2019adjectiu \u00absolidari\u00bb.<\/p>\n<p>Aix\u00f2 mentre a les tert\u00falies televisives i radiof\u00f2niques, i naturalment a la carnisseria de les xarxes socials, estem assistint a un espectacle xen\u00f2fob i racista cada vegada m\u00e9s immund, que s\u2019alimenta de la falta de \u00abdecolonitzaci\u00f3 del pensament\u00bb. Decolonitzaci\u00f3 urgent i necess\u00e0ria ara m\u00e9s que mai, perqu\u00e8<u>com ha escrit recentment\u00a0<\/u>l\u2019historiador\u00a0<b>Gabriele Proglio<\/b>:<\/p>\n<blockquote><p>\u00abLa decolonitzaci\u00f3 del pensament [\u2026] interessa tant al passat, i a l\u2019estudi hist\u00f2ric de les mutacions de la mem\u00f2ria relativa a l\u2019ultramar, com al present, o sigui, a l\u2019imaginari xen\u00f2fob, islam\u00f2fob, racista i sexista que recupera, de manera incessant, les imatges d\u2019aquell arxiu que est\u00e0 encara en funcionament inventant sempre nous enemics, interns i externs.\u00bb<\/p><\/blockquote>\n<p>Per aix\u00f2 el treball d\u2019entitats com\u00a0<a href=\"https:\/\/www.wumingfoundation.com\/giap\/tag\/nicoletta-bourbaki\/\"><b>Nicoletta Bourbaki<\/b><\/a>\u00a0\u2013 que desmunta els falsos hist\u00f2rics sobre la Resist\u00e8ncia i el feixisme \u2013 i\u00a0<a href=\"https:\/\/www.wumingfoundation.com\/giap\/tag\/resistenze-in-cirenaica\/\"><b>Resistenze in Cirenaica<\/b><\/a>\u00a0\u2013 que analitza la mala mem\u00f2ria i els nusos no resolts del colonialisme itali\u00e0 \u2013 resulten m\u00e9s necessaris que mai.<\/p>\n<p>Aquesta llarga presentaci\u00f3 d\u2019inf\u00e0mies hist\u00f2rico-pol\u00edtico-period\u00edstiques serveix tamb\u00e9 de llarg pre\u00e0mbul al que estic per assenyalar.<\/p>\n<p>El 2016, aqu\u00ed a\u00a0 <i>Giap<\/i>Nicoletta Bourbaki i\u00a0<b>Lorenzo Filipaz\u00a0<\/b>van reconstruir (en dos cap\u00edtols:\u00a0<u><b><a href=\"https:\/\/www.wumingfoundation.com\/giap\/2016\/05\/le-nuove-foibe-3a-puntata-viaggio-dandata-al-bus-de-la-lum\/\">1<\/a><\/b><\/u>\u00a0\u2013\u00a0<u><b><a href=\"https:\/\/www.wumingfoundation.com\/giap\/2016\/05\/viaggio-nelle-nuove-foibe-3b-ritorno-dal-bus-de-la-lum-in-compagnia-della-xa-mas\/\">2<\/a><\/b><\/u>) la g\u00e8nesi d\u2019un dels falsos hist\u00f2rics m\u00e9s absurds quant a la viol\u00e8ncia dels partigiani, el del Bus de la Lum, una cova c\u00e0rstica a la muntanya del Cansiglio, entre Alto Veneto i Friuli.<\/p>\n<p>El fals hist\u00f2ric del Bus de la Lum \u00e9s <i>crucial<\/i>\u00a0per entendre una g\u00e8nesi m\u00e9s \u00e0mplia: el naixement de la moderna \u201cfoibologia\u201d.<\/p>\n<p>La\u00a0 <i>storia della storia<\/i>\u00a0dels (inexistens) \u00abinfoibati nel Bus de la Lum\u00bb ens remet directament al rol que va tenir la X Mas en l&#8217;establiment de les premisses d\u2019una narraci\u00f3 altament t\u00f2xica, successivament regenerada i recodificada durant els anys noranta per alguns personatges de l&#8217;entorn feixista, un tal\u00a0<b>Marco Pirina\u00a0<\/b>en primera inst\u00e0ncia .<\/p>\n<div id=\"attachment_30619\" style=\"width: 660px\" class=\"wp-caption aligncenter\"><img loading=\"lazy\" decoding=\"async\" aria-describedby=\"caption-attachment-30619\" class=\"wp-image-30619\" src=\"https:\/\/www.wumingfoundation.com\/giap\/wp-content\/uploads\/2017\/10\/alpinismobourbaki-1024x710.jpg\" alt=\"Alpinismo Bourbaki\" width=\"650\" height=\"451\" \/><p id=\"caption-attachment-30619\" class=\"wp-caption-text\">Alpinismo Bourbaki<\/p><\/div>\n<p>Fa unes setmanes, els membres de dos\u00a0<u><a href=\"http:\/\/www.wumingfoundation.com\/giap\/che-cose-la-wu-ming-foundation\/\">col\u00b7lectius de la Wu Ming Foundation<\/a><\/u>\u00a0<b>Alpinismo Molotov<\/b>\u00a0i Nicoletta Bourbaki, es van reunir per anar al Bus de la Lum. Ho van fer a la vig\u00edlia d&#8217;una commemoraci\u00f3 neofeixista. Al dia seg\u00fcent van pujar a la Cima Manera, tamb\u00e9 dita Monte Cavallo. Junts, van escriure un util\u00edssim informe que es pot llegir ara al blog d\u2019Alpinismo Molotov. Es titula\u00a0 <i><u><b><a href=\"http:\/\/www.alpinismomolotov.org\/wordpress\/2017\/10\/02\/dallabisso-alla-vetta-come-alpinismo-molotov-incontro-nicoletta-bourbaki-al-bus-de-la-lum\/\">Dall\u2019abisso alla vetta: come Alpinismo Molotov incontr\u00f2 Nicoletta Bourbaki al Bus del la Lum<\/a><\/b><\/u><\/i>. Bona lectura.<\/p>\n<p><span style=\"color: #ffffff;\">&#8211;<\/span><\/p>\n<p><a href=\"https:\/\/www.wumingfoundation.com\/giap\/2017\/10\/barcellona-minniti\/\">Comenteu aquest article aqui<\/a>.<\/p>\n","protected":false},"excerpt":{"rendered":"&#8211; de\u00a0Wu Ming 1, 2 d\u2019octubre de 2017 (traducci\u00f3 a c\u00e0rrec d\u2019Altramemoria) Barcelona resisteix de nou, en massa, a una viol\u00e8ncia policial, militar, d&#8217;arrel clarament franquista i amb expl\u00edcits elements de feixisme. D\u2019aquesta manera la ciutat torna a \u00e9sser, com fa 80 anys,\u00a0central\u00a0per al dest\u00ed d\u2019Europa. Barcelona ens reclama a crits i ens demana que [&hellip;]","protected":false},"author":1,"featured_media":0,"parent":0,"menu_order":0,"comment_status":"closed","ping_status":"closed","template":"","meta":{"footnotes":""},"class_list":["post-30694","page","type-page","status-publish","hentry"],"_links":{"self":[{"href":"https:\/\/www.wumingfoundation.com\/giap\/wp-json\/wp\/v2\/pages\/30694","targetHints":{"allow":["GET"]}}],"collection":[{"href":"https:\/\/www.wumingfoundation.com\/giap\/wp-json\/wp\/v2\/pages"}],"about":[{"href":"https:\/\/www.wumingfoundation.com\/giap\/wp-json\/wp\/v2\/types\/page"}],"author":[{"embeddable":true,"href":"https:\/\/www.wumingfoundation.com\/giap\/wp-json\/wp\/v2\/users\/1"}],"replies":[{"embeddable":true,"href":"https:\/\/www.wumingfoundation.com\/giap\/wp-json\/wp\/v2\/comments?post=30694"}],"version-history":[{"count":0,"href":"https:\/\/www.wumingfoundation.com\/giap\/wp-json\/wp\/v2\/pages\/30694\/revisions"}],"wp:attachment":[{"href":"https:\/\/www.wumingfoundation.com\/giap\/wp-json\/wp\/v2\/media?parent=30694"}],"curies":[{"name":"wp","href":"https:\/\/api.w.org\/{rel}","templated":true}]}}